se
Is 1647931 prime?
True
Is 28307 a prime number?
True
Is 342854 composite?
True
Is 84011 prime?
True
Is 2581 composite?
True
Is 54973 a composite number?
False
Is 567899 a prime number?
True
Is 26591 prime?
True
Is 1693 a composite number?
False
Is 163561 composite?
False
Is 3593 prime?
True
Is 379157 composite?
False
Is 236141 composite?
True
Is 9229 a composite number?
True
Is 267829 a composite number?
False
Is 7631 a prime number?
False
Is 115261 composite?
True
Is 443 a composite number?
False
Is 329753 prime?
False
Is 12713 composite?
False
Is 19853 composite?
False
Is 128717 prime?
True
Is 3328621 a prime number?
True
Is 22907 composite?
False
Is 2179 a composite number?
False
Is 2412617 composite?
False
Is 3558193 composite?
False
Is 53113 a prime number?
True
Is 117799 a composite number?
True
Is 6247 composite?
False
Is 1663999 a composite number?
True
Is 334921 composite?
True
Is 2605 a prime number?
False
Is 4083 prime?
False
Is 265385 prime?
False
Is 402197 a composite number?
False
Is 249497 prime?
True
Is 6245 composite?
True
Is 750197 prime?
False
Is 22189 a prime number?
True
Is 157 composite?
False
Is 23189 composite?
False
Is 1721167 a composite number?
True
Is 2722133 composite?
True
Is 5227 composite?
False
Is 490643 prime?
True
Is 2237 a composite number?
False
Is 49597 composite?
False
Is 33206 composite?
True
Is 327377 a prime number?
False
Is 39817 a prime number?
False
Is 193751 composite?
False
Is 2029093 prime?
False
Is 8221 a composite number?
False
Is 88909 a prime number?
False
Is 155191 a prime number?
True
Is 73543 a composite number?
True
Is 1613279 a composite number?
False
Is 16255 prime?
False
Is 765707 a composite number?
False
Is 3437 prime?
False
Is 12062287 prime?
True
Is 6660143 composite?
True
Is 149 prime?
True
Is 20743 composite?
False
Is 34693 a composite number?
False
Is 3841 composite?
True
Is 694469 composite?
True
Is 182981 composite?
False
Is 23185 prime?
False
Is 53551 a prime number?
True
Is 19063 a prime number?
False
Is 98663 prime?
True
Is 147171 a prime number?
False
Is 347951 a composite number?
False
Is 303047 composite?
True
Is 411089 prime?
False
Is 13259 a composite number?
False
Is 9793 a prime number?
False
Is 39703 a composite number?
False
Is 12883 a prime number?
False
Is 16843 a composite number?
False
Is 46049 composite?
False
Is 71941 a composite number?
False
Is 679 prime?
False
Is 32297 a prime number?
True
Is 47279 prime?
True
Is 19837 prime?
False
Is 6208379 composite?
False
Is 51311 prime?
False
Is 10949 a composite number?
False
Is 30343 a composite number?
True
Is 890419 a composite number?
False
Is 100133 a composite number?
True
Is 44381 composite?
False
Is 3070499 a composite number?
False
Is 227893 a composite number?
False
Is 95971 prime?
True
Is 533543 a composite number?
False
Is 13994 composite?
True
Is 5713 composite?
True
Is 215522 a prime number?
False
Is 2579 prime?
True
Is 257581 a prime number?
False
Is 471455 a composite number?
True
Is 281377 a prime number?
False
Is 65647 a prime number?
True
Is 2729 composite?
False
Is 13327 prime?
True
Is 61621 composite?
True
Is 1201687 a composite number?
False
Is 2312179 a composite number?
False
Is 65677 prime?
True
Is 48731 prime?
True
Is 857951 prime?
True
Is 121001 composite?
False
Is 15161 a prime number?
True
Is 44351 composite?
False
Is 1157 a composite number?
True
Is 1889747 composite?
False
Is 10627 a composite number?
False
Is 399037 prime?
False
Is 449093 a prime number?
True
Is 34141 composite?
False
Is 489631 a composite number?
False
Is 48017 a prime number?
True
Is 26309 composite?
False
Is 14369 a prime number?
True
Is 5991 a prime number?
False
Is 403951 a composite number?
False
Is 8483 prime?
False
Is 81053 prime?
False
Is 30601 composite?
True
Is 115201 a composite number?
False
Is 138049 a composite number?
True
Is 36653 prime?
True
Is 22739 prime?
True
Is 51383 a composite number?
False
Is 217 a composite number?
True
Is 93113 a prime number?
True
Is 515041 a prime number?
True
Is 81331 a composite number?
False
Is 9133 a prime number?
True
Is 420409 a composite number?
True
Is 13751 a composite number?
False
Is 7193 a composite number?
False
Is 85477 a composite number?
True
Is 20201 composite?
False
Is 460111 a prime number?
True
Is 187097 a prime number?
False
Is 1101 a composite number?
True
Is 1091719 a prime number?
False
Is 40301 a composite number?
True
Is 4691 composite?
False
Is 28513 a composite number?
False
Is 733573 a prime number?
False
Is 861977 prime?
True
Is 687517 composite?
False
Is 20879 composite?
False
Is 32491 a composite number?
False
Is 27011 composite?
False
Is 57151 prime?
False
Is 602579 a composite number?
True
Is 19547 prime?
False
Is 235409 prime?
False
Is 20087 composite?
True
Is 273457 a prime number?
True
Is 4778 composite?
True
Is 146581 a composite number?
False
Is 89249 prime?
False
Is 76079 a composite number?
False
Is 1597 a prime number?
True
Is 8009 composite?
False
Is 10823 prime?
False
Is 72214 prime?
False
Is 275087 a prime number?
True
Is 1502503 composite?
False
Is 10801 a composite number?
True
Is 101851 a composite number?
True
Is 15299 composite?
False
Is 104131 composite?
True
Is 79381 composite?
True
Is 9239 a prime number?
True
Is 36029 composite?
True
Is 84431 prime?
True
Is 76393 a prime number?
False
Is 114503 a composite number?
True
Is 37283 a composite number?
True
Is 26759 prime?
True
Is 182921 a prime number?
True
Is 7057 prime?
True
Is 134243 composite?
False
Is 4903 prime?
True
Is 2591417 a composite number?
True
Is 148241 prime?
False
Is 1793717 a prime number?
True
Is 225541 prime?
False
Is 23977 a composite number?
False
Is 897133 composite?
False
Is 147617 composite?
False
Is 51743 composite?
True
Is 28907 a composite number?
True
Is 23259 a prime number?
False
Is 1075489 composite?
False
Is 3397487 prime?
True
Is 157237 composite?
True
Is 79457 prime?
False
Is 8791 prime?
False
Is 2004461 a prime number?
True
Is 189887 composite?
False
Is 4341093 composite?
True
Is 8033 a composite number?
True
Is 30967 prime?
False
Is 19567 a composite number?
True
Is 10977 prime?
False
Is 314767 prime?
False
Is 7231 composite?
True
Is 1504627 a composite number?
False
Is 25891 a composite number?
True
Is 1028737 a composite number?
False
Is 153941 composite?
False
Is 533297 a prime number?
True
Is 87751 composite?
False
Is 24422 composite?
True
Is 50069 a prime number?
True
Is 36541 prime?
True
Is 4405 composite?
True
Is 89891 prime?
True
Is 14923 a prime number?
True
Is 383429 prime?
True
Is 1080583 prime?
False
Is 625831 a composite number?
False
Is 15601 composite?
False
Is 276901 composite?
False
Is 5899 prime?
False
Is 14173 prime?
True
Is 10801 a composite number?
True
Is 65497 composite?
False
Is 150107 composite?
False
Is 41201 prime?
True
Is 205391 a prime number?
True
Is 103681 a composite number?
False
Is 1093055 prime?
False
Is 1573205 a prime number?
False
Is 11411 composite?
False
Is 53501 a composite number?
True
Is 4033 prime?
False
Is 77969 composite?
False
Is 25841 a prime number?
True
Is 26407 a prime number?
True
Is 930443 prime?
False
Is 1015601 a composite number?
False
Is 377 prime?
False
Is 1086321 prime?
False
Is 89179 a prime number?
False
Is 4717 composite?
True
Is 3545 prime?
False
Is 123031 composite?
False
Is 488339 prime?
True
Is 375671 composite?
True
Is 13751 a composite number?
False
Is 79115 a prime number?
False
Is 43853 a prime number?
True
Is 6037 a prime number?
True
Is 30361 a composite number?
True
Is 62267 a composite number?
True
Is 29485 a composite number?
True
Is 83851 composite?
True
Is 7561 prime?
True
Is 199181 prime?
True
Is 21269 a prime number?
True
Is 33107 composite?
False
Is 388651 a prime number?
True
Is 2617 a composite number?
False
Is 22433 a prime number?
True
Is 821 prime?
True
Is 20201 composite?
False
Is 457013 prime?
True
Is 40735 composite?
True
Is 3947 a composite number?
False
Is 251283 a composite number?
True
Is 67927 a prime number?
True
Is 116921 a prime number?
False
Is 392063 a composite number?
True
Is 131891 prime?
True
Is 1801 composite?
False
Is 179897 composite?
False
Is 47207 a composite number?
False
Is 96478 composite?
True
Is 7283 a prime number?
True